
Let i be (59/4 + -2)*56/42. Let h(m) = 84*m**3 + 2*m - 1. Let q be h(1). Calculate the greatest common divisor of q and i.
17
Suppose 0 = -2*t + 3*j + 1798, -3*t + 3126 - 429 = 2*j. What is the greatest common divisor of 93 and t?
31
Suppose 150 = 8*b + 2*b. Let i be (-1)/5 + 903/b. Calculate the greatest common divisor of i and 40.
20
Let u(m) = -m**3 + 40*m**2 - 10*m + 10. Let a be u(40). Let y = -270 - a. What is the highest common factor of 90 and y?
30
Let a(y) = 6*y - 11. Let r be a(6). Let p(z) = z**3 - 10*z**2 - 14*z - 50. Let j be p(13). What is the highest common divisor of j and r?
25
Suppose 3*y = 5*q + 44 - 130, 0 = 4*q - y - 80. Calculate the highest common factor of 9262 and q.
22
Let z = -1472 - -1569. Calculate the greatest common factor of 4 and z.
1
Let x = 2 + -2. Suppose -15*t + 19*t - 704 = x. What is the highest common divisor of t and 44?
44
Suppose 0 = 1094*y - 1096*y - 2*d + 30, y - 3*d = -5. What is the greatest common factor of 8590 and y?
10
Suppose l = -l + 10, k + 3*l = 35. Suppose 0 = 105*v + 164*v - 21520. Calculate the highest common divisor of k and v.
20
Suppose 127*m = 266*m - 2252773. Calculate the greatest common divisor of 19 and m.
19
Let k(x) = 8*x + 67. Let r be k(-8). Suppose -5*n + 6 + 6 = -3*m, -2*n + 3*m + 3 = 0. Calculate the highest common divisor of r and n.
3
Let b be ((-358)/(-40) + 45/180)*10/4. Calculate the greatest common factor of b and 2323.
23
Suppose 11*m = 7*m + 2176. What is the highest common factor of m and 153?
17
Let q(i) = 32*i**3 + 5*i**2 - 3*i - 3. Let c be q(2). Let p = c + -85. What is the greatest common factor of 26 and p?
26
Let g(h) = 55*h**3 - 5*h**2 - 49*h + 150. Let a be g(3). What is the highest common divisor of 333 and a?
111
Let h(f) = 1393*f - 221. Let r be h(2). Calculate the greatest common factor of 945 and r.
135
Suppose 28 = 8*x - 148. Let y be (-462)/49*(-1 + -20). Suppose -2*b + y = -b. Calculate the greatest common factor of x and b.
22
Let p be ((-8)/5)/((-286)/4290). What is the highest common divisor of p and 588?
12
Let j be 564*(5 - (-34)/(-12)*2). Let c = -366 - j. Calculate the greatest common divisor of 5 and c.
5
Let t be (-4 - (-7)/2)*28/(-1). Let p be ((-18)/21)/(2/t). Let j = 20 + p. What is the highest common divisor of j and 42?
14
Suppose 848 = 148*i - 75076. What is the highest common divisor of 54 and i?
27
Suppose -495*z + 2170 = -481*z. What is the greatest common factor of z and 6665?
155
Let c be 9/27*(-1 + 7)/((-12)/(-42)). Let z(w) = 16*w - 5. Let i be z(6). Calculate the highest common divisor of c and i.
7
Suppose 6*u + 331 = 3*f + 2*u, -5*u = 5*f - 610. Suppose -f = -5*b - 0*b - 4*q, 0 = 5*b + 2*q - 121. Calculate the highest common factor of b and 10.
5
Let v be ((-4)/(-12))/(15295/22935 + 4/(-6)). What is the highest common divisor of v and 22?
11
Suppose -12*d - 504 = -4299 - 2913. Calculate the highest common factor of d and 43.
43
Suppose -8*o + 10*o + 64 = 0. Let r be (3 - 5/(15/12))*o. Let k = r - -331. What is the greatest common divisor of 33 and k?
33
Let v be (-328 - 239)/(0 - 3). Calculate the highest common divisor of 22 and v.
1
Suppose 5*x + 4*v + 1202 = 1733, 3*x - 5*v = 252. Suppose 4*i - 29 - 27 = 0. Let m = i - 5. What is the highest common factor of x and m?
9
Suppose 187*x - 188*x + 5083 = -1787. What is the highest common divisor of 30 and x?
30
Let m be (16 + (-10 - 1))*2/2 - -8635. What is the greatest common divisor of 216 and m?
216
Suppose -3*u + 72*a + 180 = 70*a, -a = -u + 62. Calculate the highest common factor of 96 and u.
8
Suppose -31 = -9*w + 5. Suppose -w*f = -f - 135. Let y = 309 + -304. What is the greatest common divisor of f and y?
5
Let n = -236 + 241. Suppose 7*y + n*y - 3264 = 0. What is the highest common divisor of 32 and y?
16
Suppose -4*j + 4472 = -5*j + 87*j. What is the highest common factor of j and 741?
13
Let l = 29 + -5. Suppose -3*p + 45 = 25*o - l*o, 4*o + 4*p - 188 = 0. Calculate the greatest common factor of 1200 and o.
48
Suppose -37*r - 2*b = -3412, -2*r + 4*b + 168 = -0*r. What is the highest common factor of r and 972?
4
Suppose 15*p - 19*p + 2*x = -896, 5*p = -2*x + 1120. Let k = 227 - p. What is the greatest common factor of k and 8?
1
Let u(c) = -c**3 + 6*c**2 + 22*c + 59. Let i be u(-5). Calculate the greatest common factor of 176 and i.
16
Let z be 8/(-196) + (-4720)/(-392). Suppose 0 = p + 2*p - 972. What is the greatest common factor of z and p?
12
Let j = 1156 + -799. Suppose -12*r + 705 = 201. What is the greatest common factor of j and r?
21
Let i be 436400/(-1 - -21) - 10. Calculate the highest common divisor of i and 30.
30
Suppose 8*h - 5*h + 2076 = 0. Let q = h + 1262. Calculate the greatest common divisor of 60 and q.
30
Let y(t) = 41 - 74 - 2*t + 37. Let x be y(-16). Suppose -4*n = -9 - 7. Calculate the greatest common factor of n and x.
4
Suppose -k + 6446 = 4*h, 5*h - 165*k + 170*k - 8080 = 0. Calculate the highest common factor of h and 2645.
115
Let d(a) = -6*a**3 - 818*a**2 - 272*a + 14. Let h be d(-136). Calculate the greatest common factor of h and 22568.
14
Suppose -3*m + 3039 = -4*s + 7*s, -6033 = -6*s + 3*m. What is the highest common factor of 448 and s?
112
Let n(h) = -2*h**2 + 75*h - 76. Let m be n(35). Suppose 0 = 4*p - 3*r - m, -p + 3*r + 10 = -17. Calculate the highest common divisor of 18 and p.
6
Suppose -20*g - 176 + 8756 = 0. What is the greatest common divisor of g and 4017?
39
Let k = -273 - -288. Let r(j) = -j**3 + 15*j**2 - 3*j + 47. Let z be r(k). Suppose -3*p + 5 = -1. Calculate the highest common divisor of z and p.
2
Let o = 1194 + 948. Calculate the greatest common factor of o and 126.
126
Let v(z) = 57*z + 186. Let h be v(2). Let a be 11 + 9/(-81)*-9. Calculate the greatest common factor of h and a.
12
Suppose -183*w + 62322 = -42*w. Calculate the greatest common divisor of 2414 and w.
34
Let c(m) = -6*m**2 + 2*m + 4. Let n be c(5). Let j = 85 + n. Let o be 3 - (-1 - (2 - j)). What is the highest common factor of 3 and o?
3
Let f be (21 - 2)/(6/(-14)*(-266)/684). Calculate the greatest common divisor of 2850 and f.
114
Let v(w) = -313*w - 972. Let f be v(-4). Calculate the highest common divisor of f and 56.
56
Let t be (-2)/(-8) + 20 + (-105)/(-60). What is the highest common factor of 1683 and t?
11
Suppose 4*l + 3*k = -17, -5*l + 17*k = 13*k + 60. Let i be (-10)/4*l*72/45. What is the highest common factor of i and 48?
16
Let o = -57 + 56. Let v be 6 - -12 - 1 - o. Let w be -2 - -5 - (-2 - -3). What is the highest common factor of v and w?
2
Suppose 8 = o + 4. Let q(g) = 2*g - 44. Let u be q(22). Suppose u = 12*t - o*t - 120. Calculate the highest common factor of t and 30.
15
Let t = 1 - 0. Suppose 2303 = 4*y + 4*i + 6511, 4*y - 5*i = -4217. Let k = y - -1070. What is the highest common divisor of k and t?
1
Let p be (-39)/26 + (-13)/(-2). Suppose -14 = -3*k - 6*b + b, -b = p. What is the greatest common factor of 117 and k?
13
Let d(r) = r**3 + 7*r**2 + 3*r - 10. Let i be d(-6). Suppose -5*k - 2*g = -283 + 63, 3*k - 5*g = 132. What is the greatest common factor of i and k?
4
Suppose 163 - 280 = 81*q - 1494. Calculate the greatest common factor of 1139 and q.
17
Let d be -13*(4 - 0 - 40/8) - 1. What is the highest common divisor of 138 and d?
6
Let a(t) = -119*t**3 + 25*t + 82. Let i be a(-4). What is the highest common factor of i and 524?
262
Let b(y) = -110*y**2 - 727*y - 3. Let z be b(-6). Calculate the greatest common divisor of z and 741.
57
Let s be 406/((-378)/18 - -22). Calculate the greatest common factor of s and 754.
58
Suppose 256 - 271 = -2*a - 3*b, 4*a = -3*b + 21. What is the highest common factor of a and 519?
3
Let i(v) = v**3 + 3*v**2 - 10*v - 4. Let q be i(-6). Let f be 1 + (-9 + -30)/(2/(-4)). Let z = f + q. What is the highest common factor of 297 and z?
27
Let c be 2098 + 13/(-52)*28. Calculate the greatest common factor of 102 and c.
51
Let f(x) = 7*x**2 + 6*x + 2. Let j be f(9). Let m = j + -407. Let k = -574 - -598. Calculate the highest common factor of m and k.
24
Suppose -p + 123 = 5*n, -p - 79 = -3*n + p. Let s be (5 + 64/(-12))*-186. Let k = s - 37. What is the greatest common divisor of k and n?
25
Let x = 6 - 8. Let o(d) = -d - 2. Let r be o(x). Suppose -t + l + 11 = r, -5*l - 30 = 